{"id":576,"date":"2019-03-06T14:12:11","date_gmt":"2019-03-06T13:12:11","guid":{"rendered":"https:\/\/colibriwp-work.colibriwp.com\/business-ii\/?page_id=576"},"modified":"2023-08-18T15:58:22","modified_gmt":"2023-08-18T13:58:22","slug":"cartes","status":"publish","type":"page","link":"https:\/\/zaeg.teledetection.fr\/?page_id=576","title":{"rendered":"Cartes"},"content":{"rendered":"<div data-colibri-id=\"576-c1\" class=\"style-612 style-local-576-c1 position-relative\">\n  <!---->\n  <div data-colibri-component=\"section\" data-colibri-id=\"576-c2\" id=\"custom\" class=\"h-section h-section-global-spacing d-flex align-items-lg-center align-items-md-center align-items-center style-1928 style-local-576-c2 position-relative\">\n    <!---->\n    <!---->\n    <div class=\"h-section-grid-container h-section-boxed-container\">\n      <div data-colibri-id=\"576-c9\" class=\"h-row-container gutters-row-lg-2 gutters-row-md-2 gutters-row-0 gutters-row-v-lg-2 gutters-row-v-md-2 gutters-row-v-2 style-1949 style-local-576-c9 position-relative\">\n        <!---->\n        <div class=\"h-row justify-content-lg-center justify-content-md-center justify-content-center align-items-lg-stretch align-items-md-stretch align-items-stretch gutters-col-lg-2 gutters-col-md-2 gutters-col-0 gutters-col-v-lg-2 gutters-col-v-md-2 gutters-col-v-2\">\n          <!---->\n          <div class=\"h-column h-column-container d-flex h-col-lg-auto h-col-md-auto h-col-auto style-1950-outer style-local-576-c10-outer\">\n            <div data-colibri-id=\"576-c10\" class=\"d-flex h-flex-basis h-column__inner h-px-lg-2 h-px-md-2 h-px-2 v-inner-lg-2 v-inner-md-2 v-inner-2 style-1950 style-local-576-c10 position-relative\">\n              <!---->\n              <!---->\n              <div class=\"w-100 h-y-container h-column__content h-column__v-align flex-basis-100 align-self-lg-start align-self-md-start align-self-start\">\n                <!---->\n                <div data-colibri-id=\"576-c11\" class=\"h-global-transition-all h-heading style-1951 style-local-576-c11 position-relative h-element\">\n                  <!---->\n                  <div class=\"h-heading__outer style-1951 style-local-576-c11\">\n                    <!---->\n                    <!---->\n                    <h2 class=\"\">Les cartes produites<\/h2>\n                  <\/div>\n                <\/div>\n              <\/div>\n            <\/div>\n          <\/div>\n        <\/div>\n      <\/div>\n      <div data-colibri-id=\"576-c3\" class=\"h-row-container gutters-row-lg-2 gutters-row-md-2 gutters-row-0 gutters-row-v-lg-2 gutters-row-v-md-2 gutters-row-v-2 style-2104 style-local-576-c3 position-relative\">\n        <!---->\n        <div class=\"h-row justify-content-lg-center justify-content-md-center justify-content-center align-items-lg-stretch align-items-md-stretch align-items-stretch gutters-col-lg-2 gutters-col-md-2 gutters-col-0 gutters-col-v-lg-2 gutters-col-v-md-2 gutters-col-v-2\">\n          <!---->\n          <div class=\"h-column h-column-container d-flex h-col-lg-auto h-col-md-auto h-col-auto style-2105-outer style-local-576-c4-outer\">\n            <div data-colibri-id=\"576-c4\" class=\"d-flex h-flex-basis h-column__inner h-px-lg-2 h-px-md-2 h-px-2 v-inner-lg-2 v-inner-md-2 v-inner-2 style-2105 style-local-576-c4 position-relative\">\n              <!---->\n              <!---->\n              <div class=\"w-100 h-y-container h-column__content h-column__v-align flex-basis-100 align-self-lg-start align-self-md-start align-self-start\">\n                <!---->\n                <div data-colibri-id=\"576-c5\" class=\"h-text h-text-component style-1952 style-local-576-c5 position-relative h-element\">\n                  <!---->\n                  <!---->\n                  <div class=\"\">\n                    <p>Ce site rassemble l&rsquo;ensemble des cartes produites dans le cadre du projet ZAEG, aux \u00e9chelles nationale, r\u00e9gionale, pr\u00e9fectorale et communale.<\/p>\n                    <p>Compte-tenu de la pr\u00e9cision de certaines donn\u00e9es, toutes les cartes ne sont pas disponibles \u00e0 toutes les \u00e9chelles. En effet, \u00e0 titre d&rsquo;exemple, il n&rsquo;est pas pertinent de repr\u00e9senter les donn\u00e9es climatiques annuelles \u00e0 l&rsquo;\u00e9chelle communale.\n                      De la m\u00eame fa\u00e7on, la pr\u00e9cision des donn\u00e9es p\u00e9dologiques est insuffisante pour permettre une&nbsp;repr\u00e9sentation pertinente aux \u00e9chelles pr\u00e9fectorales ou communales<\/p>\n                    <p>Le tableau ci-dessous rappelle les th\u00e9matiques et cartes disponibles en fonction des diff\u00e9rentes \u00e9chelles\n                      <br>\n                    <\/p>\n                  <\/div>\n                <\/div>\n              <\/div>\n            <\/div>\n          <\/div>\n        <\/div>\n      <\/div>\n      <div data-colibri-id=\"576-c6\" class=\"h-row-container gutters-row-lg-2 gutters-row-md-2 gutters-row-0 gutters-row-v-lg-2 gutters-row-v-md-2 gutters-row-v-2 style-3479 style-local-576-c6 position-relative\">\n        <!---->\n        <div class=\"h-row justify-content-lg-center justify-content-md-center justify-content-center align-items-lg-stretch align-items-md-stretch align-items-stretch gutters-col-lg-2 gutters-col-md-2 gutters-col-0 gutters-col-v-lg-2 gutters-col-v-md-2 gutters-col-v-2\">\n          <!---->\n          <div class=\"h-column h-column-container d-flex h-col-lg-auto h-col-md-auto h-col-auto style-3480-outer style-local-576-c7-outer\">\n            <div data-colibri-id=\"576-c7\" class=\"d-flex h-flex-basis h-column__inner h-px-lg-2 h-px-md-2 h-px-2 v-inner-lg-2 v-inner-md-2 v-inner-2 style-3480 style-local-576-c7 position-relative\">\n              <!---->\n              <!---->\n              <div class=\"w-100 h-y-container h-column__content h-column__v-align flex-basis-100 align-self-lg-start align-self-md-start align-self-start\">\n                <!---->\n                <div data-colibri-id=\"576-c8\" class=\"d-block style-3481 style-local-576-c8 position-relative h-element\">\n                  <!---->\n                  <div class=\"h-image__frame-container-outer\">\n                    <div class=\"h-image__frame-container\">\n                      <!---->\n                      <!---->\n                      <img loading=\"lazy\" decoding=\"async\" width=\"1565\" height=\"738\" src=\"https:\/\/zaeg.teledetection.fr\/wp-content\/uploads\/2023\/04\/cropped-Liste-cartes-1.png\" class=\"wp-image-6249 style-3481-image style-local-576-c8-image\" alt=\"\" srcset=\"https:\/\/zaeg.teledetection.fr\/wp-content\/uploads\/2023\/04\/cropped-Liste-cartes-1.png 1565w, https:\/\/zaeg.teledetection.fr\/wp-content\/uploads\/2023\/04\/cropped-Liste-cartes-1-300x141.png 300w, https:\/\/zaeg.teledetection.fr\/wp-content\/uploads\/2023\/04\/cropped-Liste-cartes-1-1024x483.png 1024w, https:\/\/zaeg.teledetection.fr\/wp-content\/uploads\/2023\/04\/cropped-Liste-cartes-1-768x362.png 768w, https:\/\/zaeg.teledetection.fr\/wp-content\/uploads\/2023\/04\/cropped-Liste-cartes-1-1536x724.png 1536w\" sizes=\"auto, (max-width: 1565px) 100vw, 1565px\" \/>\n                      <div class=\"h-image__frame h-hide-lg h-hide-md h-hide-sm style-3481-frameImage style-local-576-c8-frameImage\"><\/div>\n                    <\/div>\n                  <\/div>\n                <\/div>\n              <\/div>\n            <\/div>\n          <\/div>\n        <\/div>\n      <\/div>\n    <\/div>\n  <\/div>\n  <div data-colibri-component=\"section\" data-colibri-id=\"576-c12\" id=\"features-2\" class=\"h-section h-section-global-spacing d-flex align-items-lg-center align-items-md-center align-items-center style-1224 style-local-576-c12 position-relative\">\n    <!---->\n    <!---->\n    <div class=\"h-section-grid-container h-section-boxed-container\">\n      <div data-colibri-id=\"576-c29\" class=\"h-row-container gutters-row-lg-2 gutters-row-md-2 gutters-row-0 gutters-row-v-lg-2 gutters-row-v-md-2 gutters-row-v-2 style-1234 style-local-576-c29 position-relative\">\n        <!---->\n        <div class=\"h-row justify-content-lg-center justify-content-md-center justify-content-center align-items-lg-stretch align-items-md-stretch align-items-stretch gutters-col-lg-2 gutters-col-md-2 gutters-col-0 gutters-col-v-lg-2 gutters-col-v-md-2 gutters-col-v-2\">\n          <!---->\n          <div class=\"h-column h-column-container d-flex h-col-lg-auto h-col-md-auto h-col-auto style-1235-outer style-local-576-c30-outer\">\n            <div data-colibri-id=\"576-c30\" class=\"d-flex h-flex-basis h-column__inner h-px-lg-2 h-px-md-2 h-px-2 v-inner-lg-2 v-inner-md-2 v-inner-2 style-1235 style-local-576-c30 position-relative\">\n              <!---->\n              <!---->\n              <div class=\"w-100 h-y-container h-column__content h-column__v-align flex-basis-100 align-self-lg-start align-self-md-start align-self-start\">\n                <!---->\n                <div data-colibri-id=\"576-c31\" class=\"h-global-transition-all h-heading style-1236 style-local-576-c31 position-relative h-element\">\n                  <!---->\n                  <div class=\"h-heading__outer style-1236 style-local-576-c31\">\n                    <!---->\n                    <!---->\n                    <h2 class=\"\">Cartes accessibles \u00e0 4 \u00e9chelles spatiales<\/h2>\n                  <\/div>\n                <\/div>\n              <\/div>\n            <\/div>\n          <\/div>\n        <\/div>\n      <\/div>\n      <div data-colibri-id=\"576-c13\" class=\"h-row-container gutters-row-lg-3 gutters-row-md-3 gutters-row-2 gutters-row-v-lg-3 gutters-row-v-md-3 gutters-row-v-3 style-1225 style-local-576-c13 position-relative\">\n        <!---->\n        <div class=\"h-row justify-content-lg-center justify-content-md-center justify-content-center align-items-lg-stretch align-items-md-stretch align-items-stretch gutters-col-lg-3 gutters-col-md-3 gutters-col-2 gutters-col-v-lg-3 gutters-col-v-md-3 gutters-col-v-3\">\n          <!---->\n          <div class=\"h-column h-column-container d-flex h-col-lg-4 h-col-md-6 h-col-12 style-1226-outer style-local-576-c14-outer\">\n            <div data-colibri-id=\"576-c14\" class=\"d-flex h-flex-basis h-column__inner h-px-lg-0 h-px-md-0 h-px-0 v-inner-lg-0 v-inner-md-0 v-inner-0 style-1226 style-local-576-c14 position-relative\">\n              <!---->\n              <!---->\n              <div class=\"w-100 h-y-container h-column__content h-column__v-align flex-basis-100 align-self-lg-start align-self-md-start align-self-start\">\n                <!---->\n                <div data-colibri-id=\"576-c15\" class=\"d-block style-1227 style-local-576-c15 position-relative h-element\">\n                  <!---->\n                  <div class=\"h-image__frame-container-outer\">\n                    <a href=\"https:\/\/zaeg.teledetection.fr\/?page_id=2212\" rel=\"nofollow\" h-use-smooth-scroll=\"true\" class=\"image-link\">\n                      <div class=\"h-image__frame-container\">\n                        <!---->\n                        <!---->\n                        <img loading=\"lazy\" decoding=\"async\" width=\"1143\" height=\"775\" src=\"https:\/\/zaeg.teledetection.fr\/wp-content\/uploads\/2022\/10\/empriseGuinee_thumbnail.png\" class=\"wp-image-1918 style-1227-image style-local-576-c15-image\" alt=\"\" srcset=\"https:\/\/zaeg.teledetection.fr\/wp-content\/uploads\/2022\/10\/empriseGuinee_thumbnail.png 1143w, https:\/\/zaeg.teledetection.fr\/wp-content\/uploads\/2022\/10\/empriseGuinee_thumbnail-300x203.png 300w, https:\/\/zaeg.teledetection.fr\/wp-content\/uploads\/2022\/10\/empriseGuinee_thumbnail-1024x694.png 1024w, https:\/\/zaeg.teledetection.fr\/wp-content\/uploads\/2022\/10\/empriseGuinee_thumbnail-768x521.png 768w\" sizes=\"auto, (max-width: 1143px) 100vw, 1143px\" \/>\n                        <div class=\"h-image__frame h-hide-lg h-hide-md h-hide-sm style-1227-frameImage style-local-576-c15-frameImage\"><\/div>\n                      <\/div>\n                    <\/a>\n                  <\/div>\n                <\/div>\n                <div data-colibri-id=\"576-c16\" class=\"h-row-container gutters-row-lg-0 gutters-row-md-0 gutters-row-2 gutters-row-v-lg-0 gutters-row-v-md-0 gutters-row-v-2 style-1228 style-local-576-c16 position-relative\">\n                  <!---->\n                  <div class=\"h-row justify-content-lg-center justify-content-md-center justify-content-center align-items-lg-stretch align-items-md-stretch align-items-stretch gutters-col-lg-0 gutters-col-md-0 gutters-col-2 gutters-col-v-lg-0 gutters-col-v-md-0 gutters-col-v-2\">\n                    <!---->\n                    <div class=\"h-column h-column-container d-flex h-col-lg-auto h-col-md-auto h-col-auto style-1229-outer style-local-576-c17-outer\">\n                      <div data-colibri-id=\"576-c17\" class=\"d-flex h-flex-basis h-column__inner h-px-lg-2 h-px-md-3 h-px-2 v-inner-lg-2 v-inner-md-3 v-inner-2 style-1229 style-local-576-c17 position-relative\">\n                        <!---->\n                        <!---->\n                        <div class=\"w-100 h-y-container h-column__content h-column__v-align flex-basis-100 align-self-lg-start align-self-md-start align-self-start\">\n                          <!---->\n                          <div data-colibri-id=\"576-c18\" class=\"h-global-transition-all h-heading style-1230 style-local-576-c18 position-relative h-element\">\n                            <!---->\n                            <div class=\"h-heading__outer style-1230 style-local-576-c18\">\n                              <!---->\n                              <!---->\n                              <h5 class=\"\">Nationale<\/h5>\n                            <\/div>\n                          <\/div>\n                        <\/div>\n                      <\/div>\n                    <\/div>\n                  <\/div>\n                <\/div>\n              <\/div>\n            <\/div>\n          <\/div>\n          <div class=\"h-column h-column-container d-flex h-col-lg-4 h-col-md-6 h-col-12 style-1226-outer style-local-576-c19-outer\">\n            <div data-colibri-id=\"576-c19\" class=\"d-flex h-flex-basis h-column__inner h-px-lg-0 h-px-md-0 h-px-0 v-inner-lg-0 v-inner-md-0 v-inner-0 style-1226 style-local-576-c19 position-relative\">\n              <!---->\n              <!---->\n              <div class=\"w-100 h-y-container h-column__content h-column__v-align flex-basis-100 align-self-lg-start align-self-md-start align-self-start\">\n                <!---->\n                <div data-colibri-id=\"576-c20\" class=\"d-block style-1227 style-local-576-c20 position-relative h-element\">\n                  <!---->\n                  <div class=\"h-image__frame-container-outer\">\n                    <a href=\"https:\/\/zaeg.teledetection.fr\/?page_id=2234\" rel=\"nofollow\" h-use-smooth-scroll=\"true\" class=\"image-link\">\n                      <div class=\"h-image__frame-container\">\n                        <!---->\n                        <!---->\n                        <img loading=\"lazy\" decoding=\"async\" width=\"1143\" height=\"775\" src=\"https:\/\/zaeg.teledetection.fr\/wp-content\/uploads\/2022\/10\/empriseGuinee_thumbnail.png\" class=\"wp-image-1918 style-1227-image style-local-576-c20-image\" alt=\"\" srcset=\"https:\/\/zaeg.teledetection.fr\/wp-content\/uploads\/2022\/10\/empriseGuinee_thumbnail.png 1143w, https:\/\/zaeg.teledetection.fr\/wp-content\/uploads\/2022\/10\/empriseGuinee_thumbnail-300x203.png 300w, https:\/\/zaeg.teledetection.fr\/wp-content\/uploads\/2022\/10\/empriseGuinee_thumbnail-1024x694.png 1024w, https:\/\/zaeg.teledetection.fr\/wp-content\/uploads\/2022\/10\/empriseGuinee_thumbnail-768x521.png 768w\" sizes=\"auto, (max-width: 1143px) 100vw, 1143px\" \/>\n                        <div class=\"h-image__frame h-hide-lg h-hide-md h-hide-sm style-1227-frameImage style-local-576-c20-frameImage\"><\/div>\n                      <\/div>\n                    <\/a>\n                  <\/div>\n                <\/div>\n                <div data-colibri-id=\"576-c21\" class=\"h-row-container gutters-row-lg-0 gutters-row-md-0 gutters-row-2 gutters-row-v-lg-0 gutters-row-v-md-0 gutters-row-v-2 style-1228 style-local-576-c21 position-relative\">\n                  <!---->\n                  <div class=\"h-row justify-content-lg-center justify-content-md-center justify-content-center align-items-lg-stretch align-items-md-stretch align-items-stretch gutters-col-lg-0 gutters-col-md-0 gutters-col-2 gutters-col-v-lg-0 gutters-col-v-md-0 gutters-col-v-2\">\n                    <!---->\n                    <div class=\"h-column h-column-container d-flex h-col-lg-auto h-col-md-auto h-col-auto style-1229-outer style-local-576-c22-outer\">\n                      <div data-colibri-id=\"576-c22\" class=\"d-flex h-flex-basis h-column__inner h-px-lg-2 h-px-md-3 h-px-2 v-inner-lg-2 v-inner-md-3 v-inner-2 style-1229 style-local-576-c22 position-relative\">\n                        <!---->\n                        <!---->\n                        <div class=\"w-100 h-y-container h-column__content h-column__v-align flex-basis-100 align-self-lg-start align-self-md-start align-self-start\">\n                          <!---->\n                          <div data-colibri-id=\"576-c23\" class=\"h-global-transition-all h-heading style-1230 style-local-576-c23 position-relative h-element\">\n                            <!---->\n                            <div class=\"h-heading__outer style-1230 style-local-576-c23\">\n                              <!---->\n                              <!---->\n                              <h5 class=\"\">R\u00e9gionale<\/h5>\n                            <\/div>\n                          <\/div>\n                        <\/div>\n                      <\/div>\n                    <\/div>\n                  <\/div>\n                <\/div>\n              <\/div>\n            <\/div>\n          <\/div>\n          <div class=\"h-column h-column-container d-flex h-col-lg-4 h-col-md-6 h-col-12 style-1226-outer style-local-576-c24-outer\">\n            <div data-colibri-id=\"576-c24\" class=\"d-flex h-flex-basis h-column__inner h-px-lg-0 h-px-md-0 h-px-0 v-inner-lg-0 v-inner-md-0 v-inner-0 style-1226 style-local-576-c24 position-relative\">\n              <!---->\n              <!---->\n              <div class=\"w-100 h-y-container h-column__content h-column__v-align flex-basis-100 align-self-lg-start align-self-md-start align-self-start\">\n                <!---->\n                <div data-colibri-id=\"576-c25\" class=\"d-block style-1227 style-local-576-c25 position-relative h-element\">\n                  <!---->\n                  <div class=\"h-image__frame-container-outer\">\n                    <a href=\"https:\/\/zaeg.teledetection.fr\/?page_id=2216\" rel=\"nofollow\" h-use-smooth-scroll=\"true\" class=\"image-link\">\n                      <div class=\"h-image__frame-container\">\n                        <!---->\n                        <!---->\n                        <img loading=\"lazy\" decoding=\"async\" width=\"1143\" height=\"775\" src=\"https:\/\/zaeg.teledetection.fr\/wp-content\/uploads\/2022\/10\/empriseGuinee_thumbnail.png\" class=\"wp-image-1918 style-1227-image style-local-576-c25-image\" alt=\"\" srcset=\"https:\/\/zaeg.teledetection.fr\/wp-content\/uploads\/2022\/10\/empriseGuinee_thumbnail.png 1143w, https:\/\/zaeg.teledetection.fr\/wp-content\/uploads\/2022\/10\/empriseGuinee_thumbnail-300x203.png 300w, https:\/\/zaeg.teledetection.fr\/wp-content\/uploads\/2022\/10\/empriseGuinee_thumbnail-1024x694.png 1024w, https:\/\/zaeg.teledetection.fr\/wp-content\/uploads\/2022\/10\/empriseGuinee_thumbnail-768x521.png 768w\" sizes=\"auto, (max-width: 1143px) 100vw, 1143px\" \/>\n                        <div class=\"h-image__frame h-hide-lg h-hide-md h-hide-sm style-1227-frameImage style-local-576-c25-frameImage\"><\/div>\n                      <\/div>\n                    <\/a>\n                  <\/div>\n                <\/div>\n                <div data-colibri-id=\"576-c26\" class=\"h-row-container gutters-row-lg-0 gutters-row-md-0 gutters-row-2 gutters-row-v-lg-0 gutters-row-v-md-0 gutters-row-v-2 style-1228 style-local-576-c26 position-relative\">\n                  <!---->\n                  <div class=\"h-row justify-content-lg-center justify-content-md-center justify-content-center align-items-lg-stretch align-items-md-stretch align-items-stretch gutters-col-lg-0 gutters-col-md-0 gutters-col-2 gutters-col-v-lg-0 gutters-col-v-md-0 gutters-col-v-2\">\n                    <!---->\n                    <div class=\"h-column h-column-container d-flex h-col-lg-auto h-col-md-auto h-col-auto style-1229-outer style-local-576-c27-outer\">\n                      <div data-colibri-id=\"576-c27\" class=\"d-flex h-flex-basis h-column__inner h-px-lg-2 h-px-md-3 h-px-2 v-inner-lg-2 v-inner-md-3 v-inner-2 style-1229 style-local-576-c27 position-relative\">\n                        <!---->\n                        <!---->\n                        <div class=\"w-100 h-y-container h-column__content h-column__v-align flex-basis-100 align-self-lg-start align-self-md-start align-self-start\">\n                          <!---->\n                          <div data-colibri-id=\"576-c28\" class=\"h-global-transition-all h-heading style-1230 style-local-576-c28 position-relative h-element\">\n                            <!---->\n                            <div class=\"h-heading__outer style-1230 style-local-576-c28\">\n                              <!---->\n                              <!---->\n                              <h5 class=\"\">Pr\u00e9fectorale et Sous-pr\u00e9fectorale<\/h5>\n                            <\/div>\n                          <\/div>\n                        <\/div>\n                      <\/div>\n                    <\/div>\n                  <\/div>\n                <\/div>\n              <\/div>\n            <\/div>\n          <\/div>\n        <\/div>\n      <\/div>\n    <\/div>\n  <\/div>\n<\/div>","protected":false},"excerpt":{"rendered":"<p>Les cartes produites Ce site rassemble l&rsquo;ensemble des cartes produites dans le cadre du projet ZAEG, aux \u00e9chelles nationale, r\u00e9gionale, pr\u00e9fectorale et communale. Compte-tenu de la pr\u00e9cision de certaines donn\u00e9es, toutes les cartes ne sont pas disponibles \u00e0 toutes les \u00e9chelles. En effet, \u00e0 titre d&rsquo;exemple, il n&rsquo;est pas pertinent de repr\u00e9senter les donn\u00e9es climatiques [&hellip;]<\/p>\n","protected":false},"author":2,"featured_media":0,"parent":0,"menu_order":0,"comment_status":"closed","ping_status":"closed","template":"page-templates\/full-width-page.php","meta":{"footnotes":""},"class_list":["post-576","page","type-page","status-publish","hentry"],"_links":{"self":[{"href":"https:\/\/zaeg.teledetection.fr\/index.php?rest_route=\/wp\/v2\/pages\/576","targetHints":{"allow":["GET"]}}],"collection":[{"href":"https:\/\/zaeg.teledetection.fr\/index.php?rest_route=\/wp\/v2\/pages"}],"about":[{"href":"https:\/\/zaeg.teledetection.fr\/index.php?rest_route=\/wp\/v2\/types\/page"}],"author":[{"embeddable":true,"href":"https:\/\/zaeg.teledetection.fr\/index.php?rest_route=\/wp\/v2\/users\/2"}],"replies":[{"embeddable":true,"href":"https:\/\/zaeg.teledetection.fr\/index.php?rest_route=%2Fwp%2Fv2%2Fcomments&post=576"}],"version-history":[{"count":20,"href":"https:\/\/zaeg.teledetection.fr\/index.php?rest_route=\/wp\/v2\/pages\/576\/revisions"}],"predecessor-version":[{"id":6251,"href":"https:\/\/zaeg.teledetection.fr\/index.php?rest_route=\/wp\/v2\/pages\/576\/revisions\/6251"}],"wp:attachment":[{"href":"https:\/\/zaeg.teledetection.fr\/index.php?rest_route=%2Fwp%2Fv2%2Fmedia&parent=576"}],"curies":[{"name":"wp","href":"https:\/\/api.w.org\/{rel}","templated":true}]}}